{"id":2,"date":"2024-02-24T11:22:48","date_gmt":"2024-02-24T10:22:48","guid":{"rendered":"http:\/\/zornried.fr\/?page_id=2"},"modified":"2024-02-24T14:48:33","modified_gmt":"2024-02-24T13:48:33","slug":"page-d-exemple","status":"publish","type":"page","link":"https:\/\/zornried.fr\/?page_id=2","title":{"rendered":"Historique"},"content":{"rendered":"\n<p><strong>Un pav\u00e9 dans la mare<\/strong><\/p>\n\n\n\n<p><strong>Les Derni\u00e8res Nouvelles d&rsquo;Alsace&nbsp;<\/strong>&#8211;&nbsp;09 sept. 2017 \u00e0 05:00 &#8211; Temps de lecture :&nbsp;3 min<\/p>\n\n\n\n<p>\u00a0\u00a0|\u00a0\u00a0\u00ab En d\u00e9saccord total avec la d\u00e9cision prise sans aucune concertation par nos instances nationales de la p\u00eache, imposant pour 2018 aux associations agr\u00e9\u00e9es la vente des permis de p\u00eache uniquement par la m\u00e9thode Internet, les p\u00eacheurs de Dettwiller ont opt\u00e9 r\u00e9cemment pour la renonciation \u00e0 leur agr\u00e9ment et vot\u00e9 la dissolution de l\u2019association qui interviendra au 1er\u00a0janvier 2018. D\u00e9cision nationale inadmissible selon le pr\u00e9sident Beno\u00eet Fritsch.<\/p>\n\n\n\n<p>Comment pr\u00e9voir notre budget en d\u00e9but d\u2019ann\u00e9e si un p\u00eacheur pourra devenir membre de l\u2019association sans passer devant les dirigeants et qui pourra prendre son permis au moment o\u00f9 \u00e7a lui chante ? Dans ces conditions, ces dirigeants ne seront plus que de simples prestataires de services.<\/p>\n\n\n\n<p>C\u2019est donc par un vote unanime, en assembl\u00e9e g\u00e9n\u00e9rale extraordinaire [\u2026] que ces d\u00e9cisions ont \u00e9t\u00e9 prises et qu\u2019une nouvelle association dite \u00ab amicale \u00bb baptis\u00e9e Zorn-Ried-Dettwiller a \u00e9t\u00e9 cr\u00e9\u00e9e, qui fonctionnera avec le m\u00eame objet et les m\u00eames dirigeants.<\/p>\n\n\n\n<p>Cette situation ne changera en rien la pratique de la p\u00eache sur notre commune, sauf la n\u00e9cessit\u00e9 pour le pratiquant d\u2019\u00eatre titulaire d\u2019un permis d\u2019une association agr\u00e9\u00e9e, permis qui pourra \u00eatre obtenu aupr\u00e8s des associations voisines, [\u2026]. [Il faut engager] une r\u00e9flexion sur le vrai r\u00f4le de nos associations, l\u2019objet de leurs statuts \u00e9tant la gestion de leurs lots de p\u00eache et leur mise en valeur, car \u00e0 ce niveau, le constat est affligeant, que de d\u00e9rives ! Tr\u00e8s peu d\u2019investissement sur nos cours d\u2019eau car pour beaucoup d\u2019entre elles, l\u2019organisation de f\u00eates est devenue leur unique pr\u00e9occupation. Nos statuts demandent aux associations de mener des actions de formation au d\u00e9veloppement durable et \u00e0 la biodiversit\u00e9, soit, mais \u00e0 voir les actions engag\u00e9es \u00e0 ce niveau, pour faire un peu d\u2019humour, cela fr\u00f4le la perfection : couscous, choucroute, sanglier \u00e0 la broche e\u2019in\u00e9vitable tarte flamb\u00e9e\u2026 [\u2026]<\/p>\n\n\n\n<p>Ne faudrait-il pas s\u2019interroger sur la l\u00e9galit\u00e9 par rapport \u00e0 la loi locale de toutes ces f\u00eates organis\u00e9es \u00e0 longueur d\u2019ann\u00e9e, car notre loi locale autorise six manifestations par an, sans payer de taxes, mais certaines en sont d\u00e9j\u00e0 \u00e0 leur 25e&nbsp;[\u2026]<\/p>\n\n\n\n<p>\u00c0 croire qu\u2019\u00e0 Dettwiller, notre association est devenue une exception, nos grandes fray\u00e8res am\u00e9nag\u00e9es sur la Zorn sont tellement productives que les repeuplements sont maintenant totalement superflus ; notre \u00e9tang est devenu une eau libre et notre association a \u00e9t\u00e9 la seule \u00e0 b\u00e9n\u00e9ficier des mesures compensatoires environnementales lors de la construction de la LGV, encore fallait-il s\u2019investir. [\u2026] L\u2019association de Dettwiller \u00e9tait toujours totalement ouverte \u00e0 une r\u00e9ciprocit\u00e9 Haute Zorn, car j\u2019ai toujours pr\u00e9tendu que le poisson ne connaissait pas de fronti\u00e8re encore moins les limites communales, mais notre f\u00e9d\u00e9ration d\u00e9partementale n\u2019a jamais donn\u00e9 suite \u00e0 mes nombreuses sollicitations. Par contre, nous ne nous laisserons jamais imposer quoi que ce soit par des dirigeants qui ne comprennent rien \u00e0 la gestion du domaine priv\u00e9 o\u00f9 le droit de p\u00eache appartient aux riverains, il ne faudrait pas l\u2019oublier, et avec lesquels il faudra toujours composer [\u2026] \u00bb<\/p>\n\n\n\n<p>Beno\u00eet Fritsch, de Dettwiller<\/p>\n","protected":false},"excerpt":{"rendered":"<p>Un pav\u00e9 dans la mare Les Derni\u00e8res Nouvelles d&rsquo;Alsace&nbsp;&#8211;&nbsp;09 sept. 2017 \u00e0 05:00 &#8211; Temps de lecture :&nbsp;3 min \u00a0\u00a0|\u00a0\u00a0\u00ab En d\u00e9saccord total avec la &hellip;<\/p>\n","protected":false},"author":1,"featured_media":0,"parent":0,"menu_order":0,"comment_status":"closed","ping_status":"open","template":"","meta":{"footnotes":""},"class_list":["post-2","page","type-page","status-publish","hentry"],"_links":{"self":[{"href":"https:\/\/zornried.fr\/index.php?rest_route=\/wp\/v2\/pages\/2","targetHints":{"allow":["GET"]}}],"collection":[{"href":"https:\/\/zornried.fr\/index.php?rest_route=\/wp\/v2\/pages"}],"about":[{"href":"https:\/\/zornried.fr\/index.php?rest_route=\/wp\/v2\/types\/page"}],"author":[{"embeddable":true,"href":"https:\/\/zornried.fr\/index.php?rest_route=\/wp\/v2\/users\/1"}],"replies":[{"embeddable":true,"href":"https:\/\/zornried.fr\/index.php?rest_route=%2Fwp%2Fv2%2Fcomments&post=2"}],"version-history":[{"count":1,"href":"https:\/\/zornried.fr\/index.php?rest_route=\/wp\/v2\/pages\/2\/revisions"}],"predecessor-version":[{"id":81,"href":"https:\/\/zornried.fr\/index.php?rest_route=\/wp\/v2\/pages\/2\/revisions\/81"}],"wp:attachment":[{"href":"https:\/\/zornried.fr\/index.php?rest_route=%2Fwp%2Fv2%2Fmedia&parent=2"}],"curies":[{"name":"wp","href":"https:\/\/api.w.org\/{rel}","templated":true}]}}